base 9, what is 254717244 + -1?
254717243
In base 12, what is -2b36123 + 7?
-2b36118
In base 5, what is -12412023314 + 12?
-12412023302
In base 12, what is 169 - 113ba1?
-113a34
In base 9, what is -647004085 + -4?
-647004100
In base 14, what is -2 - 756663?
-756665
In base 14, what is 4db1217 - 3?
4db1214
In base 4, what is -1111132 + -1310?
-1113102
In base 12, what is -45 - 4a217?
-4a260
In base 9, what is -683 - 5702013?
-5702706
In base 10, what is 2098 + 4951?
7049
In base 16, what is -f - -a38436?
a38427
In base 10, what is -26 - 435939?
-435965
In base 9, what is -14 - 24036748?
-24036763
In base 14, what is -11 + -65518?
-65529
In base 2, what is 100110000101010 - -101011010?
100110110000100
In base 15, what is -1 - 11c912?
-11c913
In base 9, what is -65613144 + 4?
-65613140
In base 4, what is 1 + 122313332?
122313333
In base 7, what is 3032103 + -466?
3031304
In base 12, what is 482212 - -2?
482214
In base 8, what is 141 - 33773?
-33632
In base 15, what is 5 - 459dd1?
-459dcb
In base 4, what is 1201122100 - 30212?
1201031222
In base 6, what is 55 + 32314032?
32314131
In base 3, what is 12 - 20010111121102?
-20010111121020
In base 2, what is 111010010100010000000 - 110111011?
111010010011011000101
In base 9, what is -11 + -102535147?
-102535158
In base 15, what is 8 - 7632?
-7629
In base 14, what is 655b - 2c0?
627b
In base 2, what is 100000000001001100111001 + -1?
100000000001001100111000
In base 8, what is -16654607 + -13?
-16654622
In base 13, what is -53a8 - -12388?
9cb0
In base 2, what is 110001110 - -1110101000000111001?
1110101000111000111
In base 14, what is -5 + 64703c3?
64703bc
In base 8, what is 643023 + -5446?
635355
In base 16, what is 26 + -5d70e?
-5d6e8
In base 6, what is 5254445 + 240?
5255125
In base 13, what is 1606 - -293?
1899
In base 9, what is -3 + -376431471?
-376431474
In base 11, what is 22 - 654336?
-654314
In base 7, what is 4 - 5510231?
-5510224
In base 4, what is 232000 + 211100033?
211332033
In base 8, what is -611760 + -265?
-612245
In base 9, what is -116 - -7620725?
7620608
In base 4, what is -100 + -220202121?
-220202221
In base 13, what is 28435 + -280?
28185
In base 4, what is -110111 - 1000110210?
-1000220321
In base 10, what is 81 - 1679973?
-1679892
In base 6, what is 34001 + -105320?
-31315
In base 12, what is -329823 + -42?
-329865
In base 6, what is -3 - 34211204243?
-34211204250
In base 6, what is 24303005 - -144?
24303153
In base 2, what is -11000001 + -1101001010111110?
-1101001101111111
In base 10, what is -14 - 24314190?
-24314204
In base 13, what is -762379 - b?
-762387
In base 14, what is -114b42c0 + -a?
-114b42ca
In base 15, what is 34 + 3ee4?
4028
In base 16, what is -10523b + 3?
-105238
In base 13, what is 2941256 + -4?
2941252
In base 4, what is -1020310233 + 2?
-1020310231
In base 14, what is 42b7 - 56d?
3b48
In base 9, what is 2 + -5533761?
-5533758
In base 12, what is -5836 + -b4?
-592a
In base 9, what is -350458 - -1348?
-348110
In base 4, what is -32333033 + 1223?
-32331210
In base 6, what is -13 - 110234454?
-110234511
In base 11, what is -5121305 + 2?
-5121303
In base 13, what is 85aca6 - -22?
85acc8
In base 2, what is 11001010000 + 1000011000010101?
1000110001100101
In base 11, what is -41 - -22673?
22632
In base 2, what is 1000100011100 + 101101111011?
1110010010111
In base 14, what is 17c + -4a5d4?
-4a456
In base 5, what is -30024243 + 1344?
-30022344
In base 4, what is -13 - 2002033021?
-2002033100
In base 4, what is 311010013313 - -12?
311010013331
In base 9, what is 234328 - -63?
234402
In base 4, what is -1001200202 + 11212?
-1001122330
In base 9, what is -171027 + -2025?
-173053
In base 13, what is a - -1032427?
1032434
In base 15, what is 7120b4 + -18?
71209b
In base 10, what is -58 - 10604?
-10662
In base 3, what is 1212210111201 + -2?
1212210111122
In base 2, what is 0 + -1111000011111111101000?
-1111000011111111101000
In base 7, what is 46200224 + -6?
46200215
In base 11, what is -10154 + 662?
-a5a2
In base 7, what is -2630012622 - -3?
-2630012616
In base 3, what is 10 - 1210120002121?
-1210120002111
In base 15, what is -3 + -23bb6a7?
-23bb6aa
In base 2, what is -110100001110110100000 - 1000100?
-110100001110111100100
In base 10, what is 9448875 - 6?
9448869
In base 7, what is 20431216123 + 5?
20431216131
In base 10, what is -443 - 173175?
-173618
In base 10, what is -2927 + -132?
-3059
In base 13, what is -c9a33 - 23c?
-c9c72
In base 15, what is 30d85928 + 3?
30d8592b
In base 11, what is -46672154 - -3?
-46672151
In base 12, what is 35 - -20160?
20195
In base 13, what is 107 - 29131?
-29027
In base 7, what is -123 + 1533646?
1533523
In base 5, what is -3 + 103230213?
103230210
In base 14, what is 9dc - -11110?
11b0c
In base 5, what is 20033112 + 43?
20033210
In base 16, what is -3a5524 - c?
-3a5530
In base 6, what is -251 + 1004405?
1004114
In base 16, what is 3b817d + 5?
3b8182
In base 8, what is 143356005 - -1?
143356006
In base 3, what is 10 + -112000100101000?
-112000100100220
In base 4, what is 321130120 - 101?
321130013
In base 2, what is 101000001111000110010100011 - 1?
101000001111000110010100010
In base 3, what is 1021221112 - -2201010?
1101122122
In base 4, what is -3 - 22321100022?
-22321100031
In base 5, what is -113022021233 - -1?
-113022021232
In base 15, what is -6351a0 + 13?
-63518c
In base 16, what is -21 + -62d45?
-62d66
In base 14, what is -9 - 42c858?
-42c863
In base 5, what is -10203124300 - -1?
-10203124244
In base 10, what is 4940 + -16003?
-11063
In base 16, what is -48cb41 + -9?
-48cb4a
In base 12, what is 46545a + 32?
465490
In base 7, what is 3413201 + -60?
3413111
In base 16, what is -b937e + -2?
-b9380
In base 11, what is -19207 + 1022?
-18195
In base 13, what is 19b - 5390?
-51c2
In base 15, what is -9d - 27657?
-27705
In base 7, what is -34654 - 4022?
-42006
In base 8, what is 74703 - 6372?
66311
In base 16, what is 9f58 - 4e?
9f0a
In base 7, what is 6 + -6626613?
-6626604
In base 11, what is 86 + 163062?
163138
In base 4, what is 10210122020013 - -10?
10210122020023
In base 8, what is 5427 + -35412?
-27763
In base 6, what is -125240502 + 104?
-125240354
In base 16, what is -1c5701 + 7?
-1c56fa
In base 8, what is 40 + -4100110?
-4100050
In base 7, what is 5 - -10434102?
10434110
In base 15, what is 84b2 + -9c?
8415
In base 4, what is -2023231311023 - 10?
-2023231311033
In base 14, what is d2aa0d + -8?
d2aa05
In base 11, what is -111a3a + -1725?
-113664
In base 3, what is 101011021221002022 + 10?
101011021221002102
In base 5, what is -10 - 230123442?
-230124002
In base 11, what is 5a + 982118a?
9821239
In base 5, what is -40 - -21413334?
21413244
In base 10, what is -278725 + -25?
-278750
In base 16, what is -45d043 + -1?
-45d044
In base 16, what is -5 - 229a21?
-229a26
In base 6, what is -110 - -135002545?
135002435
In base 7, what is 2 - 21624511?
-21624506
In base 15, what is -3448 - ab9?
-4012
In base 10, what is 131 + 21051?
21182
In base 12, what is -4a2 - 8940?
-9222
In base 16, what is 0 + 27f1b9d?
27f1b9d
In base 10, what is 67799 - 732?
67067
In base 6, what is 415 + -20520154?
-20515335
In base 15, what is -1a9db - -13?
-1a9c8
In base 11, what is 5 + -256087a0?
-25608796
In base 8, what is -46024052 + 4?
-46024046
In base 11, what is -5 + -309665a?
-3096664
In base 8, what is 3757546 - -1?
3757547
In base 14, what is -94c43a + 6?
-94c434
In base 7, what is -240 + -112011?
-112251
In base 13, what is -7cb9624 - 11?
-7cb9635
In base 15, what is -3d - -72a75?
72a37
In base 16, what is 7 + 2af14f9?
2af1500
In base 5, what is 4001 - -32003302?
32012303
In base 11, what is 6300085 + 1a?
63000a4
In base 14, what is 2 + 48952d?
489531
In base 15, what is 35d6 + -2c4?
3312
In base 6, what is -105131403452 + 4?
-105131403444
In base 8, what is 20611 - 13575?
5014
In base 6, what is -1350511521 + 4?
-1350511513
In base 11, what is -4 - 7357428?
-7357431
In base 13, what is c636a + 549?
c68b6
In base 14, what is 7 - 4073401?
-40733d8
In base 6, what is -104112 - -301?
-103411
In base 8, what is -3 - -100402467?
100402464
In base 13, what is c9341bc + 5?
c9341c4
In base 4, what is 11 + 11232322301001?
11232322301012
In base 12, what is 27320556 + 1?
27320557
In base 12, what is -10b795 + -10?
-10b7a5
In base 8, what is -3111 - 1164